)/26 + 1941?
13, 149
Suppose 3*n + 11*i = 72907, 24293 = n - 7*i + 12*i. What are the prime factors of n?
2, 3041
Let l be -14*(21/(-18)*-3 - 4). Suppose 0 = -l*f - 0*f + 280. Let a = 25 + f. What are the prime factors of a?
5, 13
Let n(j) = j**3 + 14*j**2 + 23*j - 14. Let k be n(-12). What are the prime factors of k/12 - ((-41010)/36 - 10)?
3, 383
Let p = 53 - 53. Let z(j) = 168 - 2*j + 3*j**3 - 25 - j**2 + 2*j**3 - 4*j**3. List the prime factors of z(p).
11, 13
Let r(a) be the first derivative of a**4/4 + 2*a**3/3 - a**2 + 1429*a - 220. What are the prime factors of r(0)?
1429
Let u = 899 + -60. Suppose 5*s - 10*s + 2138 = w, -2*s + u = -5*w. List the prime factors of s.
7, 61
Let o(b) = b**3 - 17*b**2 - b + 22. Let z be o(17). Suppose -4*f + 141 = z*q - f, -f - 25 = -q. Suppose 3*g - q - 351 = 0. List the prime factors of g.
2, 3, 7
Suppose -10*v = -3*l - 11*v + 18, 2*l + 2*v = 12. Suppose 8925 = -l*g + 31*g. List the prime factors of g.
3, 7, 17
Suppose 4*c + 43 = 263. Let w = c - 51. Suppose -p - 256 = -3*l + 3*p, 3*l = -w*p + 296. What are the prime factors of l?
2, 23
Let w(u) = u**2 + 14*u - 58. Let y(t) = 7*t + 2. Let d be y(-2). Let z be 200/(-15)*d/(-8). What are the prime factors of w(z)?
2, 31
Let r(c) be the third derivative of 39*c**4/8 + 25*c**3/3 - 174*c**2. List the prime factors of r(7).
11, 79
Suppose -p + 0*p + 18 = -5*u, 3*u = -2*p - 16. Let a be (0*u/(-16))/1. Suppose -5*y = -0*y - c - 442, -3*y + 4*c + 255 = a. List the prime factors of y.
89
Let a be (-9)/6 + (-10465)/(-14). What are the prime factors of (-15)/(-10)*a/3?
373
Let l(m) = m**3 + m**2 - 6*m + 176. Suppose 2*a = -6, 11*v - 5*a = 7*v + 15. What are the prime factors of l(v)?
2, 11
Let z(q) = q**2. Let a(c) = 39*c + 16. Let h(u) = a(u) + 3*z(u). List the prime factors of h(-20).
2, 109
Suppose y + y = -t + 10, 3*t - y = 37. Suppose b - t = 2*z, -b + 12 = -z - 2. Suppose -l - b = -20. What are the prime factors of l?
2
Suppose 17*q - 11050 = 13*q + 5*k, k + 8282 = 3*q. What are the prime factors of q?
2, 3, 5, 23
Let h(v) = -7519*v - 119. What are the prime factors of h(-1)?
2, 5, 37
Suppose -2354 = -8*v + 734. Let u = v + 143. List the prime factors of u.
23
Let c = 114269 + -75975. List the prime factors of c.
2, 41, 467
Let z be 34/6 + (-12)/18. Suppose -2*h = -4*t - 8 - 0, -5*h - 3*t + 20 = 0. Suppose h*d + 5*b = 217, 0*d - z*d + 5*b = -305. What are the prime factors of d?
2, 29
Let u(p) = 13*p**2 - 27*p + 35. Let d be u(14). What are the prime factors of -8 - d/(-6) - 2/(-4)?
2, 3, 5
Suppose -r - 3*b + 3058 = 466, -2*r - 5*b = -5187. Suppose 0 = -5*g - 44*s + 47*s + 2602, 5*g - r = 4*s. List the prime factors of g.
521
What are the prime factors of (1965 - -4) + 11 + 2?
2, 991
Let d(x) be the third derivative of 145*x**4/8 - 14*x**3 + 16*x**2 + 6. What are the prime factors of d(3)?
3, 11, 37
Suppose -4247 - 7624 = -9*s. List the prime factors of s.
1319
Suppose -v + 40 = 4*v. Suppose -817 = -v*i + 3919. List the prime factors of i.
2, 37
Suppose 5*x = -x - 36. Let c be (3/(-2))/(3/x). Let k = 71 + c. What are the prime factors of k?
2, 37
Suppose 18*r + 17157 = 19*r. List the prime factors of (-60)/135 + r/27.
5, 127
What are the prime factors of (-166*(-9)/(-54) - 2)/((-4)/4764)?
89, 397
Suppose 19 = -5*p + 224. Let j(n) = -25*n - 54. Let b be j(-3). Let v = b + p. List the prime factors of v.
2, 31
Suppose 11*q + 15*q = 249246 + 8518. What are the prime factors of q?
2, 4957
Let m(f) be the third derivative of f**4/8 - 6*f**2. Let n be m(7). What are the prime factors of 6/(3/n - (-90)/(-826))?
3, 59
Let d = 35 + -30. Suppose 0 = -d*l + 1359 + 1471. What are the prime factors of l/6 + 5/(-75)*5?
2, 47
Let j be -11 + 11 - (-2 + 3). What are the prime factors of -1*(-16)/(j - (-1 - 1))?
2
Suppose -5*z + 33 = -197. Suppose -1928 = z*m - 50*m. What are the prime factors of m?
2, 241
Let d(n) = 6*n - 124. Let r be d(21). List the prime factors of (-141)/(-94) - r/((-8)/1346).
2, 13
Let o(n) = 60*n**2 - 80*n + 4. What are the prime factors of o(-17)?
2, 7, 167
Let u = -19879 + 35706. List the prime factors of u.
7, 17, 19
Let v = -101 - -103. Suppose -518 = -v*q + 3*c, 2*c = -0 - 4. List the prime factors of q.
2
Suppose 3*c + 3*j - 160680 = 0, -4*c + 188559 + 25657 = j. List the prime factors of c.
2, 3347
Suppose 25 = 5*p, -3*p - 2 + 15 = -j. Suppose -4*b + b = j*a - 1263, 0 = -3*b - 3. List the prime factors of a.
3, 211
Let o be ((6 - 220) + -7)/(3/(-6)). List the prime factors of (-23 - -25) + o*15/6.
3, 41
Suppose -2*y = -n - 725, -6*y - 14*n = -13*n - 2195. List the prime factors of y.
5, 73
Suppose -23*n + 49 = -20. Suppose -o + 5*y = 45 - 641, -4*o = -n*y - 2299. List the prime factors of o.
571
What are the prime factors of ((135/18)/(-1))/((-9)/20850)?
5, 139
Let i(y) = 7*y**2 - 2*y + 50. Let z be i(11). Suppose 0 = -3*k - p + z, 4*k - 92 - 1100 = 5*p. Let d = -22 + k. List the prime factors of d.
271
Suppose 116*j = 165*j - 153958. List the prime factors of j.
2, 1571
Suppose 5*d + 105212 = 2*h, 35*d - 37*d + 105198 = 2*h. List the prime factors of h.
23, 2287
Let l = 1 - 8. Let v(d) = 12*d - 4*d**2 - d**3 - 48*d + 10*d + 25*d + 10. What are the prime factors of v(l)?
2, 41
Let v(p) = -p**3 + 11*p**2 - 13*p + 33. Let h be ((-16)/(-20))/(6/75). Let y be v(h). What are the prime factors of ((-2)/y)/(-2)*-6 - -56?
2, 3
List the prime factors of 0 + (0 - (-4 - (7559 + 4))).
7, 23, 47
List the prime factors of 1165 - ((10 - -3) + -8 + 2).
2, 3, 193
Suppose -6*q - 30*q = 81324. List the prime factors of (q/6)/((-2)/4).
3, 251
Suppose 8*j - 4405 = 3723. Suppose -11*o + 238 = -j. List the prime factors of o.
2, 3, 19
Let f(j) = 1872*j**2 - 21*j - 38. What are the prime factors of f(-2)?
2, 1873
Suppose -3*j = 4*v - 8*v - 11729, 5*j + 6*v - 19599 = 0. List the prime factors of j.
3, 5, 29
Suppose -5*q = s - 811, 0 = s + 4*q - 641 - 165. Suppose -4*u = 4*t - 1064, -s = -8*u + 5*u + t. List the prime factors of u.
263
Suppose 3*m + m = -5*a - 6, 2*m = -4*a. List the prime factors of 380 + (m - (2 - 7)).
3, 127
Suppose 0 = -2*b + 4*o + 50284, -29117 = -2*b + 5*o + 21163. List the prime factors of b.
2, 5, 503
Let m be -12*7/(-28) - -2. Suppose -4*z + 0*v - 3*v = -1552, -m*z + 1929 = v. What are the prime factors of z?
5, 7, 11
Suppose 3*y + k = 1290, -14*y = -19*y + 2*k + 2161. What are the prime factors of y?
431
Let y = -7101 - -30470. What are the prime factors of y?
23369
Let k(d) = 15458*d**2 + 91*d - 91. List the prime factors of k(1).
2, 59, 131
Suppose 10*n - 146392 = 80953 + 44525. What are the prime factors of n?
31, 877
Let b = -57 + 62. Let l(h) = -h**3 - 13*h**2 - 13*h + 9. Let g(p) = p + 1. Let n(x) = b*g(x) - l(x). What are the prime factors of n(-11)?
2, 5
Let q be (-6 - (-8 - -1))*-1. List the prime factors of 1182 - (5 + (q - -2)).
2, 3, 7
What are the prime factors of 10/(-5) - (-29509 + -18)?
5, 1181
Suppose 320*n + 38 = 321*n. What are the prime factors of (-2)/4 + 4731/n?
2, 31
Let i(p) = p**2 + 7*p + 9. Let h be i(-6). Let j(s) = 2*s - 2. Let q be j(h). List the prime factors of 335/25 - q/10.
13
Suppose 0 = 3*v + 5*g - 26346, -v + 8772 = -2*g + 7*g. List the prime factors of v.
3, 29, 101
Let v be (-6)/(-3)*(-133)/(-14). Let q(o) = o**3 - 19*o**2 + 25*o - 12. List the prime factors of q(v).
463
Let y be (6 + 6 - 3) + -4. Suppose y*t = 3023 + 152. What are the prime factors of t?
5, 127
Suppose 2*w + 3*y + 17 = 0, -2*w + 5*w + 2*y = -18. List the prime factors of (2/(-4))/(1508/(-376) - w).
47
What are the prime factors of -13*(-4)/156*5787?
3, 643
Suppose -13*n + 15*n + 13413 = v, 3*v + 4*n = 40239. List the prime factors of v.
3, 17, 263
Let d(l) = -l**3 + 8*l**2 + 31*l + 18. Let u be d(11). What are the prime factors of 6 + -2 + (-934 - u)/(-3)?
2, 157
Let z(j) = 4*j**2 - 23*j + 12. Suppose -58*q - 126 = -67*q. What are the prime factors of z(q)?
2, 3, 79
Let i(h) = -3*h**2 + 27*h + 23. Let f be i(13). Let x = f + 264. What are the prime factors of x?
131
Let k = -18007 - -19074. What are the prime factors of k?
11, 97
Let v be (6 - (-4)/(-1))/((-2)/(-5)). Suppose 2*q - x = 1193, 0*x = 5*q + v*x - 2975. Let m = q - 371. What are the prime factors of m?
3, 5
Let i(c) = -2*c**2 - 17*c + 45. Let g be i(-9). Suppose 16910 = g*p + 